{"id":1826,"date":"2022-11-30T11:01:02","date_gmt":"2022-11-30T10:01:02","guid":{"rendered":"https:\/\/www.architettotrincanato.it\/portfolio\/residenza-monolocale\/"},"modified":"2023-02-03T00:38:53","modified_gmt":"2023-02-02T23:38:53","slug":"residenza-monolocale","status":"publish","type":"avada_portfolio","link":"https:\/\/www.architettotrincanato.it\/en\/portfolio-items\/residenza-monolocale\/","title":{"rendered":"STUDIO APARTMENT"},"content":{"rendered":"<div class=\"fusion-fullwidth fullwidth-box fusion-builder-row-1 fusion-flex-container nonhundred-percent-fullwidth non-hundred-percent-height-scrolling\" style=\"background-color: rgba(255,255,255,0);background-position: center center;background-repeat: no-repeat;border-width: 0px 0px 0px 0px;border-color:var(--awb-color3);border-style:solid;\" ><div class=\"fusion-builder-row fusion-row fusion-flex-align-items-flex-start\" style=\"max-width:1456px;margin-left: calc(-4% \/ 2 );margin-right: calc(-4% \/ 2 );\"><div class=\"fusion-layout-column fusion_builder_column fusion-builder-column-0 fusion_builder_column_1_1 1_1 fusion-flex-column\"><div class=\"fusion-column-wrapper fusion-flex-justify-content-flex-start fusion-content-layout-column\" style=\"background-position:left top;background-repeat:no-repeat;-webkit-background-size:cover;-moz-background-size:cover;-o-background-size:cover;background-size:cover;padding: 0px 0px 0px 0px;\"><div class=\"fusion-text fusion-text-1\"><p style=\"text-align: justify;\">L\u2019appartamento si trova nelle vicinanze dell\u2019imbarcadero di San Marcuola, in prossimit\u00e0 della chiesa al Santo dedicata, nel Sestiere di Cannaregio. L\u2019unit\u00e0 abitativa in questione \u00e8 il risultato di un iter burocratico di cambio d\u2019uso, di trasformazione e ristrutturazione di un nuovo ambiente, che essendo vincolato anche dal punto di vista monumentale, ha richiesto il coinvolgimento autorizzato della Soprintendenza di Venezia.<\/p>\n<p style=\"text-align: justify;\">Il progetto dunque prevedeva la trasformazione del precedente utilizzo (magazzino) in appartamento (residenza) al fine di creare un\u2019unit\u00e0 da destinare alla locazione turistica.<\/p>\n<p style=\"text-align: justify;\">Le dimensioni dell\u2019appartamento erano lo standard minimo per poter eseguire il cambio d\u2019uso concesso dagli organi competenti. L\u2019unit\u00e0, per la sua conformazione, risultava poco luminosa, ma attraverso l\u2019attento utilizzo dei materiali, dei colori, e la disposizione di due grandi specchi posti sulla parete d\u2019ingresso, \u00e8 stata conferita al nuovo appartamento\/monolocale una percezione degli spazi interni pi\u00f9 ampia: si \u00e8 reso pi\u00f9 accogliente lo spazio per le persone che lo vivono e che ne verranno accolte.<\/p>\n<p style=\"text-align: justify;\">Per creare un\u2019unica atmosfera \u00e8 stata mantenuta l\u2019orditura originale delle travi, dipingendola per\u00f2 di bianco come le pareti delle stanze, ad eccezione della parete di fondo dove \u00e8 stato collocato il letto, che richiama il colore del pavimento: per questo \u00e8 stata preferita una finitura di un gres tipo parquet color tortora.<\/p>\n<p style=\"text-align: justify;\">Per l\u2019arredamento \u00e8 stato optato uno stile minimale, scegliendo accostamenti di complementi in materiali diversi ma sempre chiari, lucenti, laccati e trasparenti, in colori naturali e monocromatici.<\/p>\n<\/div><div class=\"fusion-text fusion-text-2\"><ul>\n<li><strong>Place<\/strong> Venice<\/li>\n<li><strong>Type of intervention<\/strong> Extraordinary maintenance<\/li>\n<li><strong>Year of realization<\/strong> 2018<\/li>\n<li><strong>Duration of works<\/strong> 100 days<\/li>\n<\/ul>\n<\/div><\/div><style type=\"text\/css\">.fusion-body .fusion-builder-column-0{width:100% !important;margin-top : 0px;margin-bottom : 0px;}.fusion-builder-column-0 > .fusion-column-wrapper {padding-top : 0px !important;padding-right : 0px !important;margin-right : 1.92%;padding-bottom : 0px !important;padding-left : 0px !important;margin-left : 1.92%;}@media only screen and (max-width:1024px) {.fusion-body .fusion-builder-column-0{width:100% !important;}.fusion-builder-column-0 > .fusion-column-wrapper {margin-right : 1.92%;margin-left : 1.92%;}}@media only screen and (max-width:640px) {.fusion-body .fusion-builder-column-0{width:100% !important;}.fusion-builder-column-0 > .fusion-column-wrapper {margin-right : 1.92%;margin-left : 1.92%;}}<\/style><\/div><\/div><style type=\"text\/css\">.fusion-body .fusion-flex-container.fusion-builder-row-1{ padding-top : 0px;margin-top : 0px;padding-right : 0px;padding-bottom : 0px;margin-bottom : 0px;padding-left : 0px;}<\/style><\/div>\n","protected":false},"excerpt":{"rendered":"","protected":false},"author":1,"featured_media":1572,"menu_order":0,"template":"","format":"standard","meta":{"footnotes":""},"portfolio_category":[55],"portfolio_skills":[],"portfolio_tags":[],"class_list":["post-1826","avada_portfolio","type-avada_portfolio","status-publish","format-standard","has-post-thumbnail","hentry","portfolio_category-residential-architecture-en"],"_links":{"self":[{"href":"https:\/\/www.architettotrincanato.it\/en\/wp-json\/wp\/v2\/avada_portfolio\/1826","targetHints":{"allow":["GET"]}}],"collection":[{"href":"https:\/\/www.architettotrincanato.it\/en\/wp-json\/wp\/v2\/avada_portfolio"}],"about":[{"href":"https:\/\/www.architettotrincanato.it\/en\/wp-json\/wp\/v2\/types\/avada_portfolio"}],"author":[{"embeddable":true,"href":"https:\/\/www.architettotrincanato.it\/en\/wp-json\/wp\/v2\/users\/1"}],"version-history":[{"count":14,"href":"https:\/\/www.architettotrincanato.it\/en\/wp-json\/wp\/v2\/avada_portfolio\/1826\/revisions"}],"predecessor-version":[{"id":2327,"href":"https:\/\/www.architettotrincanato.it\/en\/wp-json\/wp\/v2\/avada_portfolio\/1826\/revisions\/2327"}],"wp:featuredmedia":[{"embeddable":true,"href":"https:\/\/www.architettotrincanato.it\/en\/wp-json\/wp\/v2\/media\/1572"}],"wp:attachment":[{"href":"https:\/\/www.architettotrincanato.it\/en\/wp-json\/wp\/v2\/media?parent=1826"}],"wp:term":[{"taxonomy":"portfolio_category","embeddable":true,"href":"https:\/\/www.architettotrincanato.it\/en\/wp-json\/wp\/v2\/portfolio_category?post=1826"},{"taxonomy":"portfolio_skills","embeddable":true,"href":"https:\/\/www.architettotrincanato.it\/en\/wp-json\/wp\/v2\/portfolio_skills?post=1826"},{"taxonomy":"portfolio_tags","embeddable":true,"href":"https:\/\/www.architettotrincanato.it\/en\/wp-json\/wp\/v2\/portfolio_tags?post=1826"}],"curies":[{"name":"wp","href":"https:\/\/api.w.org\/{rel}","templated":true}]}}

<div class="fusion-fullwidth fullwidth-box fusion-builder-row-1 fusion-flex-container nonhundred-percent-fullwidth non-hundred-percent-height-scrolling" style="background-color: rgba(255,255,255,0);background-position: center center;background-repeat: no-repeat;border-width: 0px 0px 0px 0px;border-color:var(--awb-color3);border-style:solid;" ><div class="fusion-builder-row fusion-row fusion-flex-align-items-flex-start" style="max-width:1456px;margin-left: calc(-4% / 2 );margin-right: calc(-4% / 2 );"><div class="fusion-layout-column fusion_builder_column fusion-builder-column-0 fusion_builder_column_1_1 1_1 fusion-flex-column"><div class="fusion-column-wrapper fusion-flex-justify-content-flex-start fusion-content-layout-column" style="background-position:left top;background-repeat:no-repeat;-webkit-background-size:cover;-moz-background-size:cover;-o-background-size:cover;background-size:cover;padding: 0px 0px 0px 0px;"><div class="fusion-text fusion-text-1"><p style="text-align: justify;">L’appartamento si trova nelle vicinanze dell’imbarcadero di San Marcuola, in prossimità della chiesa al Santo dedicata, nel Sestiere di Cannaregio. L’unità abitativa in questione è il risultato di un iter burocratico di cambio d’uso, di trasformazione e ristrutturazione di un nuovo ambiente, che essendo vincolato anche dal punto di vista monumentale, ha richiesto il coinvolgimento autorizzato della Soprintendenza di Venezia.</p>
<p style="text-align: justify;">Il progetto dunque prevedeva la trasformazione del precedente utilizzo (magazzino) in appartamento (residenza) al fine di creare un’unità da destinare alla locazione turistica.</p>
<p style="text-align: justify;">Le dimensioni dell’appartamento erano lo standard minimo per poter eseguire il cambio d’uso concesso dagli organi competenti. L’unità, per la sua conformazione, risultava poco luminosa, ma attraverso l’attento utilizzo dei materiali, dei colori, e la disposizione di due grandi specchi posti sulla parete d’ingresso, è stata conferita al nuovo appartamento/monolocale una percezione degli spazi interni più ampia: si è reso più accogliente lo spazio per le persone che lo vivono e che ne verranno accolte.</p>
<p style="text-align: justify;">Per creare un’unica atmosfera è stata mantenuta l’orditura originale delle travi, dipingendola però di bianco come le pareti delle stanze, ad eccezione della parete di fondo dove è stato collocato il letto, che richiama il colore del pavimento: per questo è stata preferita una finitura di un gres tipo parquet color tortora.</p>
<p style="text-align: justify;">Per l’arredamento è stato optato uno stile minimale, scegliendo accostamenti di complementi in materiali diversi ma sempre chiari, lucenti, laccati e trasparenti, in colori naturali e monocromatici.</p>
</div><div class="fusion-text fusion-text-2"><ul>
<li><strong>Place</strong> Venice</li>
<li><strong>Type of intervention</strong> Extraordinary maintenance</li>
<li><strong>Year of realization</strong> 2018</li>
<li><strong>Duration of works</strong> 100 days</li>
</ul>
</div></div><style type="text/css">.fusion-body .fusion-builder-column-0{width:100% !important;margin-top : 0px;margin-bottom : 0px;}.fusion-builder-column-0 > .fusion-column-wrapper {padding-top : 0px !important;padding-right : 0px !important;margin-right : 1.92%;padding-bottom : 0px !important;padding-left : 0px !important;margin-left : 1.92%;}@media only screen and (max-width:1024px) {.fusion-body .fusion-builder-column-0{width:100% !important;}.fusion-builder-column-0 > .fusion-column-wrapper {margin-right : 1.92%;margin-left : 1.92%;}}@media only screen and (max-width:640px) {.fusion-body .fusion-builder-column-0{width:100% !important;}.fusion-builder-column-0 > .fusion-column-wrapper {margin-right : 1.92%;margin-left : 1.92%;}}</style></div></div><style type="text/css">.fusion-body .fusion-flex-container.fusion-builder-row-1{ padding-top : 0px;margin-top : 0px;padding-right : 0px;padding-bottom : 0px;margin-bottom : 0px;padding-left : 0px;}</style></div>
